 45 = 10. What are the prime factors of q(u)?
2, 11
Let a be (-31)/((-2)/14*1). Let f = -111 + a. What are the prime factors of f?
2, 53
Let j be (-4)/6 + 7*8/12. Suppose 0 = -q - 3*q + 24. Let k = j + q. What are the prime factors of k?
2, 5
Let t(a) = 49*a**2 + 15*a + 7. List the prime factors of t(4).
23, 37
Let j(z) = 5034*z + 54. What are the prime factors of j(1)?
2, 3, 53
Let l = 69 - -7. Suppose 80*u - l*u = 608. What are the prime factors of u?
2, 19
Let q(u) = -u**2 + 73*u - 209. What are the prime factors of q(29)?
11, 97
Let z = -71 + 76. Let g(y) = 9 - y + 4 - 4. What are the prime factors of g(z)?
2
Let u(p) = p**3 + 9*p**2 + 4*p - 10. Suppose 0 = -4*a - 3*r - 28, -55 = 5*a + 3*r - 20. List the prime factors of u(a).
2, 3, 5
Let z = 40 + -35. Suppose 0 = -5*g + 502 + 738. What are the prime factors of g/z + 4/10?
2, 5
Let u(j) = 3 + 3 + 8*j**2 - 13 - 6 + j**3 - 8*j. What are the prime factors of u(-8)?
3, 17
Suppose -2*t + 3851 = -j, 39*t - 34*t + 3*j = 9644. List the prime factors of t.
41, 47
Let a(c) = 15*c + 70. List the prime factors of a(4).
2, 5, 13
Let r(m) = -m**3 + 5*m**2 + 5*m + 6. Let q be r(6). Let j = q + 4. Suppose 0 = -j*o + 2*o + 114. List the prime factors of o.
3, 19
Let g be 12/9*(-3)/2. Let o(z) = -z**2 + 2*z**3 - z - z**2 - 3 + 2 - 6*z**3. List the prime factors of o(g).
5
Suppose -3*v = -4*s - 0*s + 12, 0 = -v + 3*s - 9. Suppose -2*a + 21 + 43 = v. Let z = a - 21. What are the prime factors of z?
11
Let b = 152 + 71. What are the prime factors of b?
223
Let h(l) = 2*l - 1. Let x be 3 - (3 - 1/1). Let q be h(x). What are the prime factors of q/3 + 424/24?
2, 3
Let t(a) = 83*a**2 - 7*a - 23. What are the prime factors of t(4)?
1277
Suppose 2*c = 2*p - 3 - 1, 0 = 4*c + 2*p + 26. Suppose 0 = 21*i + 6 + 813. Let b = c - i. What are the prime factors of b?
2, 17
What are the prime factors of ((-260)/6)/((-82)/369)?
3, 5, 13
Suppose 4 = -f - 23. Let d be 18/f*(-18)/(-4). What are the prime factors of (35/10)/(d/(-12))?
2, 7
Let d be (10/(2 + 3))/((-2)/3). Let n(i) = -45*i + 9. What are the prime factors of n(d)?
2, 3
Suppose 4*g - c - 11368 = 0, 4*g + 0*c + 3*c = 11368. List the prime factors of g.
2, 7, 29
Suppose 2*y = 7*y + 145. Let i = -30 + 94. Let o = y + i. What are the prime factors of o?
5, 7
Suppose 5*u - 42 - 408 = -4*w, -5*u + 410 = -4*w. Let a = u - 41. List the prime factors of a.
3, 5
Suppose -v + 2*s = -3845, 2*s - 19270 = -5*v + 3*s. What are the prime factors of v?
3, 5, 257
What are the prime factors of 5 - (274/4)/((-1)/4)?
3, 31
Let w(t) = 3*t**2 - t - 1. Let y = 15 - 11. Let j be w(y). Suppose 3*m = -3*f + 35 + j, -m + 78 = 3*f. What are the prime factors of f?
2, 13
Let l be ((76/3)/(-2))/((-2)/66). Suppose n = -2*c + 7*c - l, 2*c - 166 = n. What are the prime factors of c?
2, 3, 7
Let b be (-3)/(9/2 - 3). Let p be 84/15 - b/5. Suppose 16 = -5*v + p*v. List the prime factors of v.
2
Let c = 528 - 102. List the prime factors of c.
2, 3, 71
Suppose 9 = 4*l - 3, 2*a - 9 = -5*l. Let n(z) = z**2 + 3*z. Let f be n(a). Suppose -73 = -5*v + 4*o, 5*v - 55 = -f*o - 5*o. List the prime factors of v.
13
Let i(c) = -2*c**3 - 19*c**2 + 2*c + 9. Let f be i(-11). Suppose 4*m - 66 = f. What are the prime factors of m?
2, 13
Suppose -18*c + 112637 - 14321 = 0. List the prime factors of c.
2, 2731
Let l(n) = n**2 - 10*n + 5. Let w be l(10). Suppose -v = -23 + w. What are the prime factors of v?
2, 3
Suppose l - 140 = -36. Suppose 5*w + 89 - l = 0. List the prime factors of w.
3
Let y = -22 - -15. Let h(j) = -j**2 - 4*j + 12. Let i be h(y). What are the prime factors of (-396)/i + (-2 - 2)?
2, 5
What are the prime factors of 14/70 - (-33476)/20?
2, 3, 31
Let i be (7 + -3)*6/(-4) + 2. List the prime factors of 10*(20 - (2 + 0/i)).
2, 3, 5
Let z = -275 + 105. Let d = z - -433. List the prime factors of d.
263
Let y(n) = -2*n - 3. Let h be y(-6). Let q(k) = -k**3 + 15*k**2 + 16*k + 12. Let o be q(16). Suppose -75 = -o*j + h*j. List the prime factors of j.
5
Let b(v) = 2*v**2 + v - 3. Let y be 8*(-2)/4 + 1. Let i be b(y). Suppose -4*d + r = -i, -2*d + 20 = 2*r + r. List the prime factors of d.
2
Let u be 0 + ((-18)/27)/((-4)/18). Suppose -2*b + u*d = 3*b - 170, -3*d = 15. What are the prime factors of b?
31
Let t = 636 - 304. List the prime factors of t.
2, 83
Let b = 162 + 188. Suppose -d - 4*d = -b. List the prime factors of d.
2, 5, 7
Suppose -84*i + 78*i + 9636 = 0. What are the prime factors of i?
2, 11, 73
Suppose 7*n - 16590 = 1890. What are the prime factors of n?
2, 3, 5, 11
Let h(p) = -13*p**3 + 4*p**2 - 9*p - 33. What are the prime factors of h(-4)?
29, 31
Let p be (-2 - -5) + 2/2. Suppose -7*x = -p*x - 27. What are the prime factors of 4/6 + 345/x?
3, 13
Let k = 430 + 4128. What are the prime factors of k?
2, 43, 53
Suppose -20 = 4*p, 2*c + 1307 = -3*p - 322. List the prime factors of 6/(-14) - c/21.
2, 19
Suppose 0 = 4*b - 2*j, -3*b = b + 5*j - 28. Suppose 4*t + 76 = -4*z, z + b*t = 4*z + 37. Let h = 36 + z. What are the prime factors of h?
3, 7
Let i be 14/56 - (-451)/4. Suppose -100 = -5*j + 4*w + 165, -3*w = -2*j + i. What are the prime factors of j?
7
Let f(b) = -b**3 + b**2 - 12*b - 39. What are the prime factors of f(-8)?
3, 211
Let u = 213 + -117. Let a be (-4)/2 + 5 + -1. Suppose -y - q = -23, -u = -0*y - 4*y - a*q. List the prime factors of y.
5
Suppose -m - 2 = -3. Let c be -2 + 18 - 1/m. Suppose 5*d = -c, 13 - 95 = -5*z + 4*d. What are the prime factors of z?
2, 7
What are the prime factors of (-9 + 7)*3412/(-8)?
853
Suppose -10*a - 12194 = -58524. What are the prime factors of a?
41, 113
Suppose -12*s - 3732 = -13*s. List the prime factors of s.
2, 3, 311
Let o(b) = 4*b - 6*b - b + b. Let c be o(-2). Suppose c*l = -l + 55. What are the prime factors of l?
11
Suppose 0 = -4*p - 28. Let x = 72 - 62. Let r = x + p. What are the prime factors of r?
3
What are the prime factors of ((-145)/15)/(2796/(-558) - -5)?
29, 31
Let c(h) = h**2 + 2*h + 174. Let w be c(0). Let t = w - 114. List the prime factors of t.
2, 3, 5
Let u(q) = 2*q + 7. Let t(z) = -z**2 + z + 4. Let m(k) = -5*t(k) + 3*u(k). Suppose 5*r + 14 = -1. List the prime factors of m(r).
43
Let x(z) = 12*z**3 + 2*z**2 - z + 5. Let u be x(2). Suppose 0*l + u = l - d, 3*l + 2*d = 326. List the prime factors of l.
2, 3
Let v be 6/(-5)*20/(-8). Suppose 51 = 5*f + 3*k, v*f + 2*k = 2 + 29. Suppose -f = 4*d - 61. List the prime factors of d.
13
Suppose -8*z = -1353 - 4343. List the prime factors of z.
2, 89
Let d(j) = 14*j**2 + 2*j + 19. List the prime factors of d(-7).
691
Suppose 20 = 6*x - 2*x. Suppose 0 = p - 6*p + x*z + 360, 272 = 4*p + 4*z. List the prime factors of p.
2, 5, 7
Suppose -r - 10 = -3*r. Suppose 5*b - r = 2*s - 0*s, -4*s = -4*b + 4. Suppose 3*a - 41 = 2*k, 3*k - 21 + s = -a. What are the prime factors of a?
3, 5
Let a = 11 - 7. Let s(o) = o**2 - 5. Let d be s(a). Let g(k) = k + 9. List the prime factors of g(d).
2, 5
Let u(h) = -7*h**3 - 3*h**2 + 3*h - 1. Let c be u(1). Let n(x) = -9*x - 35. What are the prime factors of n(c)?
37
List the prime factors of ((170/15)/(-17))/(2/(-111)).
37
Suppose -2*k = -4*k + 10. Suppose 3*l - 28 = -2*g, 0*l = -2*g - 5*l + 20. Let d = g - k. List the prime factors of d.
3, 5
Let j(t) = -3*t**3 + t. What are the prime factors of j(-5)?
2, 5, 37
Let n(l) = -l**3 - 2*l - 2. Let u(g) = g**2 + 11*g + 3. Let y be u(-10). Let c be 32/(-14) + (-2)/y. List the prime factors of n(c).
2, 5
Suppose 10 = -2*u - 5*i, -3*u - 15 = -0*u + 2*i. Let r(y) = 5*y**2 + 6*y - 13 + 4*y**2 - 5*y**2 + 11. List the prime factors of r(u).
2, 17
List the prime factors of (-14*360/(-32))/((-1)/(-8)).
2, 3, 5, 7
Suppose -2*i = -0*i - n - 39, 0 = -2*i - n + 33. Let p be -5*(4 - i/3). Suppose 0 = 5*u + 25, -4*g + p*u = 5*u - 129. What are the prime factors of g?
2, 13
Let c = -11 + 19. Suppose c - 164 = -4*q. Let g = 72 - q. List the prime factors of g.
3, 11
Suppose 84*w = 94*w - 11180. What are the prime factors of w?
2, 13, 43
Let w(x) = 102*x + 25. What are the prime factors of w(5)?
5, 107
Let s(n) = -14*n - 4. Let f be s(-1). Suppose 0 = -f*v + 4 + 26. List the prime factors of v.
3
Let s(h) be the third derivative of -h**5/60 + 5*h**4/12 - h**3/2 - 11*h**2. List the prime factors of s(9).
2, 3
Let i be (-678)/(-5) + 2